2*l**2 - 13*l + 9. What is f(6)?
3
Let s(b) = 5*b - 64. Determine s(14).
6
Let s(q) = q**2 - 4*q - 3. What is s(6)?
9
Let o(u) = -u**3 - u**2 + 5*u + 5. Give o(-2).
-1
Let a(n) = n**2 + 2*n - 4. Give a(-3).
-1
Let j(f) = -29*f - 329. What is j(-11)?
-10
Let b(a) = 53*a + 370. Give b(-7).
-1
Let l(a) = a - 39. Determine l(22).
-17
Let w(b) = -2*b + 9. Calculate w(3).
3
Let g(d) = d**2 + 5*d - 5. Calculate g(-9).
31
Let p(u) = -4*u**2 - 15*u + 6. Give p(-4).
2
Let p(w) = w**2 - 14*w + 19. Calculate p(11).
-14
Let t(i) = -i**3 + i**2 + i - 3. What is t(-3)?
30
Let f(p) = -30*p - 351. Calculate f(-12).
9
Let u(f) = 89*f - 621. What is u(7)?
2
Let h(v) = 13*v**2 - 2*v + 2. Calculate h(1).
13
Let j(q) = -2*q - 16. Give j(-7).
-2
Let t(m) = -m**2 - 18*m - 26. Give t(-16).
6
Let g(t) = -2*t**2 - 32*t - 21. Determine g(-15).
9
Let c(x) = -x**2 + 15*x - 38. Determine c(11).
6
Let t(l) = -l**2 - 5*l - 5. Calculate t(6).
-71
Let z(w) = -w**2 - 9*w - 4. Determine z(-5).
16
Let n(l) = 2*l**3 + 5*l**2 + 3*l - 9. Give n(-4).
-69
Let j(i) = i**3 + 2*i**2 - i + 2. Determine j(-3).
-4
Let u(a) = 2*a**2 - 85*a - 137. Give u(44).
-5
Let j(b) = -b - 20. Give j(-12).
-8
Let i(q) = q**3 + 30*q**2 - 3*q - 84. Calculate i(-30).
6
Let b(w) = w**3 - 11*w**2 + w + 10. Determine b(11).
21
Let a(x) = 9*x**2 - 14*x - 6. Determine a(2).
2
Let c(w) = -w + 12. Give c(12).
0
Let b(q) = q**3 - q**2 - 2*q - 12. Calculate b(0).
-12
Let s(g) = -g + 10. Determine s(12).
-2
Let d(f) = -f**2 - f - 25. Determine d(0).
-25
Let b(g) = -41*g - 76. Give b(-2).
6
Let m(s) = s**2 - s + 24. Give m(-8).
96
Let b(w) = 2*w - 4. What is b(6)?
8
Let g(r) = 22*r - 6. What is g(-4)?
-94
Let d(u) = u**3 + 4*u**2 - u + 72. What is d(-6)?
6
Let s(x) = -x**3 + 2*x**2 + 4*x - 3. What is s(2)?
5
Let j(g) = g**3 - 5*g**2 - 4*g + 7. What is j(5)?
-13
Let w(p) = 2*p**2 - 5*p - 16. Calculate w(-2).
2
Let b(h) = -2*h + 5. Calculate b(-4).
13
Let b(u) = u**2 + 6*u - 46. Give b(-9).
-19
Let j(q) = -7*q - 66. Give j(-8).
-10
Let s(a) = 2*a + 13. Determine s(-12).
-11
Let k(h) = -h**2 - 69*h + 139. Calculate k(2).
-3
Let x(p) = -3*p**2 + 3*p + 7. Give x(0).
7
Let d(f) = 3*f + 10. Determine d(-6).
-8
Let o(x) = -x + 19. Determine o(11).
8
Let m(c) = c**3 - 36*c**2 - 39*c + 82. Determine m(37).
8
Let j(l) = l**3 - l**2 + 2*l. Calculate j(2).
8
Let i(k) = -6*k - 10. Give i(-5).
20
Let d(k) = 5*k - 46. Calculate d(24).
74
Let z(p) = 10*p + 1. What is z(-2)?
-19
Let s(n) = -n**3 + 9*n**2 - 10*n + 8. Determine s(8).
-8
Let b(h) = 14*h**3 + 2*h**2 - 5*h + 4. Calculate b(2).
114
Let i(o) = -5*o + 10. Give i(4).
-10
Let f(k) = 8*k - 137. Give f(19).
15
Let o(h) = -8*h + 60. Give o(18).
-84
Let a(g) = -12*g - 404. Give a(-34).
4
Let c(j) = 22*j - 424. Determine c(19).
-6
Let c(y) = -y**3 + 5*y**2 + 2*y - 3. Determine c(5).
7
Let c(n) = -n**2 + 17*n + 20. Calculate c(15).
50
Let s(r) = 6*r - 6. Give s(7).
36
Let g(i) = 2*i**2 + 6*i - 60. Calculate g(-11).
116
Let o(l) = l - 3. Give o(9).
6
Let p(q) = -q**2 + 4*q - 1. What is p(7)?
-22
Let t(p) = 14*p + 3. Give t(-10).
-137
Let g(b) = -13*b - 13. What is g(-15)?
182
Let s(u) = -5*u**2 - 11*u + 32. Calculate s(3).
-46
Let r(f) = -6*f**2 + f - 14. What is r(3)?
-65
Let c(b) = -2*b**3 - 18*b**2 - 2*b + 4. Give c(-9).
22
Let b(r) = 2*r**2 + 11*r - 1. Give b(-6).
5
Let x(k) = -k**2 - 36*k - 6. Calculate x(-36).
-6
Let c(a) = -a**3 - 9*a**2 - 4*a - 5. Calculate c(-7).
-75
Let x(s) = -s**2 - 2*s + 1. What is x(3)?
-14
Let x(o) = 16*o - 32. What is x(4)?
32
Let c(w) = w**3 - 7*w**2 - w - 3. Calculate c(7).
-10
Let z(o) = -3*o - 1. What is z(1)?
-4
Let l(n) = n**3 + 42*n**2 + 2*n + 90. Calculate l(-42).
6
Let c(j) = -18*j + 6. Determine c(-2).
42
Let w(x) = x**3 - 4*x**2 + 5*x - 3. Calculate w(5).
47
Let d(x) = x**2 - 11*x - 26. Determine d(13).
0
Let h(u) = u**3 + 2*u**2 - 8*u - 6. What is h(0)?
-6
Let k(t) = t**3 + 16*t**2 + 16*t + 7. Give k(-15).
-8
Let i(s) = -s - 19. Give i(-24).
5
Let y(t) = -t**3 - 3*t**2 + 5*t - 6. Determine y(-4).
-10
Let y(v) = v**2 + 9*v - 22. Determine y(-9).
-22
Let c(n) = -4*n - 6. Determine c(-6).
18
Let t(p) = p - 13. Give t(0).
-13
Let t(c) = c**3 + 8*c**2 + 7*c + 1. What is t(-7)?
1
Let r(o) = o**3 + 11*o**2 - 7*o + 25. What is r(-12)?
-35
Let i(a) = -a**3 + 19*a**2 + 20*a + 11. What is i(20)?
11
Let c(s) = 11*s**2 - 1. Give c(-2).
43
Let q(a) = -a**2 + 9*a - 16. Give q(5).
4
Let m(x) = -x**2 + 13*x - 24. Calculate m(9).
12
Let i(j) = -j**3 - 3*j**2 + j + 11. Determine i(-2).
5
Let h(m) = -5*m - 45. What is h(-12)?
15
Let r(i) = -6*i + 67. What is r(12)?
-5
Let s(a) = -2*a**2 - a - 1. Calculate s(-2).
-7
Let d(r) = r**3 - 7*r**2 + 12*r - 3. Determine d(4).
-3
Let j(z) = z**3 - 3*z + 1. Give j(2).
3
Let y(d) = -d**3 + 6*d**2 + 3*d + 10. Calculate y(5).
50
Let j(s) = s - 12. Determine j(17).
5
Let b(p) = -11*p - 1. Calculate b(2).
-23
Let a(x) = -3*x**2 + 5*x - 5. Give a(4).
-33
Let x(q) = -q**3 + 9*q - 15. What is x(2)?
-5
Let s(a) = a**2 - 8*a + 11. Give s(10).
31
Let b(w) = 9*w**3 - w**2 + 5*w + 5. What is b(-2)?
-81
Let o(l) = 4*l + 4. Calculate o(0).
4
Let h(j) = j**3 - 10*j**2 - 26*j + 18. Determine h(12).
-6
Let n(k) = 13*k + 234. Determine n(-18).
0
Let i(p) = -2*p**2 + 9*p - 17. Calculate i(5).
-22
Let y(k) = k**3 - 9*k**2 - 7*k - 3. What is y(10)?
27
Let d(i) = -i**2 + 11*i - 15. Give d(10).
-5
Let z(n) = -n**2 - 14*n - 56. Calculate z(-10).
-16
Let z(v) = v**3 + 27*v**2 - 31*v - 80. Calculate z(-28).
4
Let j(f) = 2*f**2 - 10*f + 12. Calculate j(3).
0
Let n(x) = -x + 23. Give n(10).
13
Let v(n) = n**3 + 14*n**2 + 9*n - 19. Determine v(-13).
33
Let t(m) = 2*m + 4. Determine t(-4).
-4
Let i(o) = -o**3 - 2*o**2 - 4. Determine i(3).
-49
Let m(l) = l**3 + 7*l**2 + l + 7. What is m(-7)?
0
Let g(k) = -18*k - 89. Determine g(-4).
-17
Let p(m) = 4*m**3 - 6*m**2 + 7*m + 3. Determine p(3).
78
Let n(b) = -b**3 + 5*b**2 - 4*b + 4. Calculate n(4).
4
Let u(a) = 2*a**3 + 3*a**2 + a + 4. What is u(-3)?
-26
Let i(w) = w**3 - 6*w**2 + w - 2. What is i(7)?
54
Let y(p) = -p**3 - 14*p**2 + 2*p + 21. Give y(-14).
-7
Let j(x) = -2*x**3 + 24*x**2 - 26*x - 5. Calculate j(11).
-49
Let p(u) = 5*u - 5. Give p(5).
20
Let n(d) = -d**2 - 9*d + 4. Calculate n(-11).
-18
Let i(u) = u**3 + 14*u**2 + 11*u - 76. Give i(-13).
-50
Let f(k) = 2*k - 3. Give f(-1).
-5
Let t(p) = -6*p - 1. Give t(2).
-13
Let u(d) = -16*d + 22. Calculate u(5).
-58
Let p(d) = 12*d + 261. Calculate p(-22).
-3
Let j(t) = -t**3 + 11*t**2 - 6*t + 8. Calculate j(5).
128
Let w(d) = 7*d**3 + d**2 - d + 1. Calculate w(1).
8
Let u(q) = q**3 - 40*q**2 - 84*q + 4. Calculate u(42).
4
Let h(z) = 6*z**2 - z - 4. What is h(-2)?
22
Let j(z) = -6*z + 31. Determine j(-17).
133
Let x(o) = o + 3. Determine x(0).
3
Let l(f) = f**2 - 8*f - 8. Determine l(10).
12
Let s(q) = 9*q - 44. Give s(5).
1
Let y(r) = -r - 3. Calculate y(-11).
8
Let z(t) = -8*t**2 + 4*t + 1. Determine z(4).
-111
Let d(y) = 20*y - 127. Calculate d(5).
-27
Let n(s) = -s + 32. What is n(29)?
3
Let u(t) = -t**3 - 2*t**2 + 8*t + 13. Calculate u(-4).
13
Let r(w) = -w**2 - 2*w + 5. What is r(3)?
-10
Let r(d) = -d**3 - 7*d**2 + 14*d - 12. Calculate r(-9).
24
Let q(f) = -2*f**3 + 2*f**2 - 5*f + 3. What is q(3)?
-48
Let p(v) = v**2 - 6*v - 21. What is p(9)?
6
Let z(b) = b**2 + 4*b - 16. Determine z(6).
44
Let r(o) = -o**2 - 9*o + 4. Determine r(-10).
-6
Let z(w) = 43*w - 123. Determine z(3).
6
Let h(j) = -j + 30. Give h(0).
30
Let r(l) = -18*l - 4. Give r(-1).
14
Let h(d) = d**3 + d**2 + 4*d + 21. Give h(-4).
-43
Let i(x) = -12*x + 21. Give i(2).
-3
Let c(g) = -5*g - 113. Calculate c(-22).
-3
Let k(l) = -14*l**3 - l**2. What is k(1)?
-15
Let z(s) = -29*s + 289. Give z(10).
-1
Let h(z) = -z**3 - z**2 - 1. Determine h(-3).
17
Let s(x) = -11*x**3 + 1. Calculate s(-1).
12
Let q(i) = -7*i + 18. What is q(-7)?
67
Let b(x) = x**3 - 8*x**2 - 6*x - 5. Calculate b(9).
22
Let x(q) = 25*q**2 + 199*q - 14. Give x(-8).
-6
Let g(r) = -r**3 - 16*r**2 + 19*r + 19. Calculate g(-17).
-15
Let l(o) = o**2 - 2*o + 15. Give l(3).
18
Let j(l) = -4*l**2 - 12*l - 11. What is j(-1)?
-3
Let v(y) = -15*y + 3. Calculate v(6).
-87
Let m(k) = -k**2 - 13*k - 1. Give m(-17).
-69
Let l(w) = -3*w + 72. Calculate l(24).
0
Let a(x) = -x**2 - 13*x + 9. Give a(-10).
39
Let k(z) = -z - 28. Calculate 